[INFO] cloning repository https://github.com/storyfeet/tither
[INFO] running `Command { std: "git" "-c" "credential.helper=" "-c" "credential.helper=/workspace/cargo-home/bin/git-credential-null" "clone" "--bare" "https://github.com/storyfeet/tither" "/workspace/cache/git-repos/https%3A%2F%2Fgithub.com%2Fstoryfeet%2Ftither", kill_on_drop: false }`
[INFO] [stderr] Cloning into bare repository '/workspace/cache/git-repos/https%3A%2F%2Fgithub.com%2Fstoryfeet%2Ftither'...
[INFO] running `Command { std: "git" "rev-parse" "HEAD", kill_on_drop: false }`
[INFO] [stdout] 0b084cd5b8c5d829e0e35a490ef15e843620893a
[INFO] checking storyfeet/tither against master#af3c6e733a40e671550e0f0f5aeecaa13772ba56 for pr-74989
[INFO] running `Command { std: "git" "clone" "/workspace/cache/git-repos/https%3A%2F%2Fgithub.com%2Fstoryfeet%2Ftither" "/workspace/builds/worker-2/source", kill_on_drop: false }`
[INFO] [stderr] Cloning into '/workspace/builds/worker-2/source'...
[INFO] [stderr] done.
[INFO] validating manifest of git repo https://github.com/storyfeet/tither on toolchain af3c6e733a40e671550e0f0f5aeecaa13772ba56
[INFO] running `Command { std: "/workspace/cargo-home/bin/cargo" "+af3c6e733a40e671550e0f0f5aeecaa13772ba56" "read-manifest" "--manifest-path" "Cargo.toml", kill_on_drop: false }`
[INFO] started tweaking git repo https://github.com/storyfeet/tither
[INFO] removed path dependency clap_conf from git repo https://github.com/storyfeet/tither
[INFO] removed path dependency gobble from git repo https://github.com/storyfeet/tither
[INFO] removed path dependency lazy_conf from git repo https://github.com/storyfeet/tither
[INFO] finished tweaking git repo https://github.com/storyfeet/tither
[INFO] tweaked toml for git repo https://github.com/storyfeet/tither written to /workspace/builds/worker-2/source/Cargo.toml
[INFO] crate git repo https://github.com/storyfeet/tither already has a lockfile, it will not be regenerated
[INFO] running `Command { std: "/workspace/cargo-home/bin/cargo" "+af3c6e733a40e671550e0f0f5aeecaa13772ba56" "fetch" "--locked" "--manifest-path" "Cargo.toml", kill_on_drop: false }`
[INFO] [stderr] warning: dependency (clap_conf) specified without providing a local path, Git repository, or version to use. This will be considered an error in future versions
[INFO] [stderr] warning: dependency (gobble) specified without providing a local path, Git repository, or version to use. This will be considered an error in future versions
[INFO] [stderr] warning: dependency (lazy_conf) specified without providing a local path, Git repository, or version to use. This will be considered an error in future versions
[INFO] [stderr]     Updating crates.io index
[INFO] [stderr] error: the lock file /workspace/builds/worker-2/source/Cargo.lock needs to be updated but --locked was passed to prevent this
[INFO] [stderr] If you want to try to generate the lock file without accessing the network, use the --offline flag.
[INFO] the lockfile is outdated, regenerating it
[INFO] running `Command { std: "/workspace/cargo-home/bin/cargo" "+af3c6e733a40e671550e0f0f5aeecaa13772ba56" "generate-lockfile" "--manifest-path" "Cargo.toml" "-Zno-index-update", kill_on_drop: false }`
[INFO] running `Command { std: "/workspace/cargo-home/bin/cargo" "+af3c6e733a40e671550e0f0f5aeecaa13772ba56" "fetch" "--locked" "--manifest-path" "Cargo.toml", kill_on_drop: false }`
[INFO] [stderr] warning: dependency (clap_conf) specified without providing a local path, Git repository, or version to use. This will be considered an error in future versions
[INFO] [stderr] warning: dependency (gobble) specified without providing a local path, Git repository, or version to use. This will be considered an error in future versions
[INFO] [stderr] warning: dependency (lazy_conf) specified without providing a local path, Git repository, or version to use. This will be considered an error in future versions
[INFO] running `Command { std: "docker" "create" "-v" "/var/lib/crater-agent-workspace/builds/worker-2/target:/opt/rustwide/target:rw,Z" "-v" "/var/lib/crater-agent-workspace/builds/worker-2/source:/opt/rustwide/workdir:ro,Z" "-v" "/var/lib/crater-agent-workspace/cargo-home:/opt/rustwide/cargo-home:ro,Z" "-v" "/var/lib/crater-agent-workspace/rustup-home:/opt/rustwide/rustup-home:ro,Z" "-e" "SOURCE_DIR=/opt/rustwide/workdir" "-e" "CARGO_TARGET_DIR=/opt/rustwide/target" "-e" "CARGO_HOME=/opt/rustwide/cargo-home" "-e" "RUSTUP_HOME=/opt/rustwide/rustup-home" "-w" "/opt/rustwide/workdir" "-m" "1610612736" "--user" "0:0" "--network" "none" "rustops/crates-build-env@sha256:d92eaeed33fa75130ca1ee6c8a01d1ffb62bac859dfdfb3450e3e5d1c0146529" "/opt/rustwide/cargo-home/bin/cargo" "+af3c6e733a40e671550e0f0f5aeecaa13772ba56" "metadata" "--no-deps" "--format-version=1", kill_on_drop: false }`
[INFO] [stdout] d60edb5dd7c17e34f589a8501cd1a3982ddef9ec66ee0a92b4125c6201f8650f
[INFO] [stderr] WARNING: Your kernel does not support swap limit capabilities or the cgroup is not mounted. Memory limited without swap.
[INFO] running `Command { std: "docker" "start" "-a" "d60edb5dd7c17e34f589a8501cd1a3982ddef9ec66ee0a92b4125c6201f8650f", kill_on_drop: false }`
[INFO] running `Command { std: "docker" "inspect" "d60edb5dd7c17e34f589a8501cd1a3982ddef9ec66ee0a92b4125c6201f8650f", kill_on_drop: false }`
[INFO] running `Command { std: "docker" "rm" "-f" "d60edb5dd7c17e34f589a8501cd1a3982ddef9ec66ee0a92b4125c6201f8650f", kill_on_drop: false }`
[INFO] [stdout] d60edb5dd7c17e34f589a8501cd1a3982ddef9ec66ee0a92b4125c6201f8650f
[INFO] running `Command { std: "docker" "create" "-v" "/var/lib/crater-agent-workspace/builds/worker-2/target:/opt/rustwide/target:rw,Z" "-v" "/var/lib/crater-agent-workspace/builds/worker-2/source:/opt/rustwide/workdir:ro,Z" "-v" "/var/lib/crater-agent-workspace/cargo-home:/opt/rustwide/cargo-home:ro,Z" "-v" "/var/lib/crater-agent-workspace/rustup-home:/opt/rustwide/rustup-home:ro,Z" "-e" "SOURCE_DIR=/opt/rustwide/workdir" "-e" "CARGO_TARGET_DIR=/opt/rustwide/target" "-e" "CARGO_INCREMENTAL=0" "-e" "RUST_BACKTRACE=full" "-e" "RUSTFLAGS=--cap-lints=forbid" "-e" "CARGO_HOME=/opt/rustwide/cargo-home" "-e" "RUSTUP_HOME=/opt/rustwide/rustup-home" "-w" "/opt/rustwide/workdir" "-m" "1610612736" "--user" "0:0" "--network" "none" "rustops/crates-build-env@sha256:d92eaeed33fa75130ca1ee6c8a01d1ffb62bac859dfdfb3450e3e5d1c0146529" "/opt/rustwide/cargo-home/bin/cargo" "+af3c6e733a40e671550e0f0f5aeecaa13772ba56" "check" "--frozen" "--all" "--all-targets" "--message-format=json", kill_on_drop: false }`
[INFO] [stderr] WARNING: Your kernel does not support swap limit capabilities or the cgroup is not mounted. Memory limited without swap.
[INFO] [stdout] e221005f3093b4439bf137e6868bf96909df6a0493e188683983c58a43879be7
[INFO] running `Command { std: "docker" "start" "-a" "e221005f3093b4439bf137e6868bf96909df6a0493e188683983c58a43879be7", kill_on_drop: false }`
[INFO] [stderr] warning: dependency (clap_conf) specified without providing a local path, Git repository, or version to use. This will be considered an error in future versions
[INFO] [stderr] warning: dependency (gobble) specified without providing a local path, Git repository, or version to use. This will be considered an error in future versions
[INFO] [stderr] warning: dependency (lazy_conf) specified without providing a local path, Git repository, or version to use. This will be considered an error in future versions
[INFO] [stderr]     Blocking waiting for file lock on package cache
[INFO] [stderr]    Compiling autocfg v1.0.1
[INFO] [stderr]    Compiling proc-macro2 v1.0.21
[INFO] [stderr]    Compiling unicode-xid v0.2.1
[INFO] [stderr]    Compiling bitflags v1.2.1
[INFO] [stderr]     Checking unicode-width v0.1.8
[INFO] [stderr]     Checking object v0.20.0
[INFO] [stderr]     Checking strsim v0.8.0
[INFO] [stderr]     Checking cfg-if v0.1.10
[INFO] [stderr]     Checking vec_map v0.8.2
[INFO] [stderr]     Checking ansi_term v0.11.0
[INFO] [stderr]     Checking lazy_conf v0.1.1
[INFO] [stderr]     Checking lazyf v0.1.4
[INFO] [stderr]     Checking addr2line v0.13.0
[INFO] [stderr]     Checking toml v0.5.6
[INFO] [stderr]     Checking atty v0.2.14
[INFO] [stderr]     Checking time v0.1.44
[INFO] [stderr]     Checking textwrap v0.11.0
[INFO] [stderr]    Compiling miniz_oxide v0.4.2
[INFO] [stderr]    Compiling num-traits v0.2.12
[INFO] [stderr]    Compiling num-integer v0.1.43
[INFO] [stderr]     Checking clap v2.33.3
[INFO] [stderr]    Compiling quote v1.0.7
[INFO] [stderr]    Compiling syn v1.0.41
[INFO] [stderr]     Checking chrono v0.4.15
[INFO] [stderr]     Checking backtrace v0.3.50
[INFO] [stderr]    Compiling synstructure v0.12.4
[INFO] [stderr]    Compiling thiserror-impl v1.0.20
[INFO] [stderr]    Compiling failure_derive v0.1.8
[INFO] [stderr]     Checking failure v0.1.8
[INFO] [stderr]     Checking thiserror v1.0.20
[INFO] [stderr]     Checking gobble v0.6.3
[INFO] [stderr]     Checking clap_conf v0.1.5
[INFO] [stderr]     Checking tither v0.1.0 (/opt/rustwide/workdir)
[INFO] [stdout] error[E0425]: cannot find value `CommonInt` in this scope
[INFO] [stdout]   --> src/money.rs:20:24
[INFO] [stdout]    |
[INFO] [stdout] 20 |     (maybe("$£".one()),CommonInt,maybe(('.',NumDigit.star()))).map(|(_,n,op)| match op{
[INFO] [stdout]    |                        ^^^^^^^^^ not found in this scope
[INFO] [stdout] 
[INFO] [stdout] 
[INFO] [stdout] error[E0425]: cannot find value `CommonUInt` in this scope
[INFO] [stdout]   --> src/action.rs:13:6
[INFO] [stdout]    |
[INFO] [stdout] 13 |     (CommonUInt,last('/',CommonUInt),maybe(last('/',CommonInt)))
[INFO] [stdout]    |      ^^^^^^^^^^ not found in this scope
[INFO] [stdout] 
[INFO] [stdout] 
[INFO] [stdout] error[E0425]: cannot find value `CommonUInt` in this scope
[INFO] [stdout]   --> src/action.rs:13:26
[INFO] [stdout]    |
[INFO] [stdout] 13 |     (CommonUInt,last('/',CommonUInt),maybe(last('/',CommonInt)))
[INFO] [stdout]    |                          ^^^^^^^^^^ not found in this scope
[INFO] [stdout] 
[INFO] [stdout] 
[INFO] [stdout] error[E0425]: cannot find value `CommonInt` in this scope
[INFO] [stdout]   --> src/action.rs:13:53
[INFO] [stdout]    |
[INFO] [stdout] 13 |     (CommonUInt,last('/',CommonUInt),maybe(last('/',CommonInt)))
[INFO] [stdout]    |                                                     ^^^^^^^^^ not found in this scope
[INFO] [stdout] 
[INFO] [stdout] 
[INFO] [stdout] error[E0425]: cannot find value `CommonInt` in this scope
[INFO] [stdout]   --> src/action.rs:64:26
[INFO] [stdout]    |
[INFO] [stdout] 64 |         (setter("tithe"),CommonInt,maybe("%")).map(|(_,n,_)|Action::SetTithe(n)),
[INFO] [stdout]    |                          ^^^^^^^^^ not found in this scope
[INFO] [stdout] 
[INFO] [stdout] 
[INFO] [stdout] error[E0425]: cannot find value `CommonUInt` in this scope
[INFO] [stdout]   --> src/action.rs:65:25
[INFO] [stdout]    |
[INFO] [stdout] 65 |         (setter("year"),CommonUInt).map(|(_,n)|Action::SetYear(n)),
[INFO] [stdout]    |                         ^^^^^^^^^^ not found in this scope
[INFO] [stdout] 
[INFO] [stdout] 
[INFO] [stdout] error[E0425]: cannot find value `CommonStr` in this scope
[INFO] [stdout]    --> src/action.rs:106:12
[INFO] [stdout]     |
[INFO] [stdout] 106 |         or(CommonStr,IString).map(|s|TransactionItem::Item(s))
[INFO] [stdout]     |            ^^^^^^^^^ not found in this scope
[INFO] [stdout] 
[INFO] [stdout] 
[INFO] [stdout] warning: use of deprecated function `gobble::rep`: use star instead
[INFO] [stdout]   --> src/action.rs:56:11
[INFO] [stdout]    |
[INFO] [stdout] 56 |     first(rep((NextAction,PAction)),(NextAction,eoi))
[INFO] [stdout]    |           ^^^
[INFO] [stdout]    |
[INFO] [stdout]    = note: `#[warn(deprecated)]` on by default
[INFO] [stdout] 
[INFO] [stdout] 
[INFO] [stdout] warning: use of deprecated function `gobble::sep`: use sep_star instead
[INFO] [stdout]   --> src/action.rs:98:26
[INFO] [stdout]    |
[INFO] [stdout] 98 |     string((Alpha.plus(),sep((Alpha,NumDigit,"-_").plus(),WS.plus())))
[INFO] [stdout]    |                          ^^^
[INFO] [stdout] 
[INFO] [stdout] 
[INFO] [stdout] warning: use of deprecated function `gobble::repeat_until_ig`: use star_until_ig or plus_until_ig instead
[INFO] [stdout]    --> src/action.rs:113:5
[INFO] [stdout]     |
[INFO] [stdout] 113 |     repeat_until_ig(first(PTranItem,NextItem),'\n').map(|v| {
[INFO] [stdout]     |     ^^^^^^^^^^^^^^^
[INFO] [stdout] 
[INFO] [stdout] 
[INFO] [stdout] error[E0425]: cannot find value `CommonInt` in this scope
[INFO] [stdout]   --> src/money.rs:20:24
[INFO] [stdout]    |
[INFO] [stdout] 20 |     (maybe("$£".one()),CommonInt,maybe(('.',NumDigit.star()))).map(|(_,n,op)| match op{
[INFO] [stdout]    |                        ^^^^^^^^^ not found in this scope
[INFO] [stdout] 
[INFO] [stdout] 
[INFO] [stdout] error[E0425]: cannot find value `CommonUInt` in this scope
[INFO] [stdout]   --> src/action.rs:13:6
[INFO] [stdout]    |
[INFO] [stdout] 13 |     (CommonUInt,last('/',CommonUInt),maybe(last('/',CommonInt)))
[INFO] [stdout]    |      ^^^^^^^^^^ not found in this scope
[INFO] [stdout] 
[INFO] [stdout] 
[INFO] [stdout] error[E0425]: cannot find value `CommonUInt` in this scope
[INFO] [stdout]   --> src/action.rs:13:26
[INFO] [stdout]    |
[INFO] [stdout] 13 |     (CommonUInt,last('/',CommonUInt),maybe(last('/',CommonInt)))
[INFO] [stdout]    |                          ^^^^^^^^^^ not found in this scope
[INFO] [stdout] 
[INFO] [stdout] 
[INFO] [stdout] error[E0425]: cannot find value `CommonInt` in this scope
[INFO] [stdout]   --> src/action.rs:13:53
[INFO] [stdout]    |
[INFO] [stdout] 13 |     (CommonUInt,last('/',CommonUInt),maybe(last('/',CommonInt)))
[INFO] [stdout]    |                                                     ^^^^^^^^^ not found in this scope
[INFO] [stdout] 
[INFO] [stdout] 
[INFO] [stdout] error[E0425]: cannot find value `CommonInt` in this scope
[INFO] [stdout]   --> src/action.rs:64:26
[INFO] [stdout]    |
[INFO] [stdout] 64 |         (setter("tithe"),CommonInt,maybe("%")).map(|(_,n,_)|Action::SetTithe(n)),
[INFO] [stdout]    |                          ^^^^^^^^^ not found in this scope
[INFO] [stdout] 
[INFO] [stdout] 
[INFO] [stdout] error[E0425]: cannot find value `CommonUInt` in this scope
[INFO] [stdout]   --> src/action.rs:65:25
[INFO] [stdout]    |
[INFO] [stdout] 65 |         (setter("year"),CommonUInt).map(|(_,n)|Action::SetYear(n)),
[INFO] [stdout]    |                         ^^^^^^^^^^ not found in this scope
[INFO] [stdout] 
[INFO] [stdout] 
[INFO] [stdout] error[E0425]: cannot find value `CommonStr` in this scope
[INFO] [stdout]    --> src/action.rs:106:12
[INFO] [stdout]     |
[INFO] [stdout] 106 |         or(CommonStr,IString).map(|s|TransactionItem::Item(s))
[INFO] [stdout]     |            ^^^^^^^^^ not found in this scope
[INFO] [stdout] 
[INFO] [stdout] 
[INFO] [stdout] warning: unused import: `super::action::Action::*`
[INFO] [stdout]    --> src/main.rs:135:9
[INFO] [stdout]     |
[INFO] [stdout] 135 |     use super::action::Action::*;
[INFO] [stdout]     |         ^^^^^^^^^^^^^^^^^^^^^^^^
[INFO] [stdout]     |
[INFO] [stdout]     = note: `#[warn(unused_imports)]` on by default
[INFO] [stdout] 
[INFO] [stdout] 
[INFO] [stdout] warning: unused import: `super::*`
[INFO] [stdout]    --> src/main.rs:136:9
[INFO] [stdout]     |
[INFO] [stdout] 136 |     use super::*;
[INFO] [stdout]     |         ^^^^^^^^
[INFO] [stdout] 
[INFO] [stdout] 
[INFO] [stdout] warning: use of deprecated function `gobble::rep`: use star instead
[INFO] [stdout]   --> src/action.rs:56:11
[INFO] [stdout]    |
[INFO] [stdout] 56 |     first(rep((NextAction,PAction)),(NextAction,eoi))
[INFO] [stdout]    |           ^^^
[INFO] [stdout]    |
[INFO] [stdout]    = note: `#[warn(deprecated)]` on by default
[INFO] [stdout] 
[INFO] [stdout] 
[INFO] [stdout] warning: use of deprecated function `gobble::sep`: use sep_star instead
[INFO] [stdout]   --> src/action.rs:98:26
[INFO] [stdout]    |
[INFO] [stdout] 98 |     string((Alpha.plus(),sep((Alpha,NumDigit,"-_").plus(),WS.plus())))
[INFO] [stdout]    |                          ^^^
[INFO] [stdout] 
[INFO] [stdout] 
[INFO] [stdout] warning: use of deprecated function `gobble::repeat_until_ig`: use star_until_ig or plus_until_ig instead
[INFO] [stdout]    --> src/action.rs:113:5
[INFO] [stdout]     |
[INFO] [stdout] 113 |     repeat_until_ig(first(PTranItem,NextItem),'\n').map(|v| {
[INFO] [stdout]     |     ^^^^^^^^^^^^^^^
[INFO] [stdout] 
[INFO] [stdout] 
[INFO] [stdout] error[E0599]: no method named `skip_plus` found for reference `&'static str` in the current scope
[INFO] [stdout]   --> src/action.rs:88:28
[INFO] [stdout]    |
[INFO] [stdout] 88 |     skip_2_star("\t ,\n\r".skip_plus(),last("#!".one(),Any.except(",\n").skip_star())).ig_then(line_col).map(|(l,_)|l)
[INFO] [stdout]    |                            ^^^^^^^^^ method not found in `&'static str`
[INFO] [stdout] 
[INFO] [stdout] 
[INFO] [stdout] error[E0599]: no method named `skip_star` found for struct `CharsExcept<gobble::Any, &str>` in the current scope
[INFO] [stdout]   --> src/action.rs:88:74
[INFO] [stdout]    |
[INFO] [stdout] 88 |     skip_2_star("\t ,\n\r".skip_plus(),last("#!".one(),Any.except(",\n").skip_star())).ig_then(line_col).map(|(l,_)|l)
[INFO] [stdout]    |                                                                          ^^^^^^^^^ method not found in `CharsExcept<gobble::Any, &str>`
[INFO] [stdout] 
[INFO] [stdout] 
[INFO] [stdout] error[E0599]: no method named `skip_plus` found for reference `&'static str` in the current scope
[INFO] [stdout]   --> src/action.rs:93:24
[INFO] [stdout]    |
[INFO] [stdout] 93 |     skip_2_star("\t ,".skip_plus(),last('#',Any.except(",\n").skip_star())).ig_then(line_col).map(|(l,_)|l)
[INFO] [stdout]    |                        ^^^^^^^^^ method not found in `&'static str`
[INFO] [stdout] 
[INFO] [stdout] 
[INFO] [stdout] error[E0599]: no method named `skip_star` found for struct `CharsExcept<gobble::Any, &str>` in the current scope
[INFO] [stdout]   --> src/action.rs:93:63
[INFO] [stdout]    |
[INFO] [stdout] 93 |     skip_2_star("\t ,".skip_plus(),last('#',Any.except(",\n").skip_star())).ig_then(line_col).map(|(l,_)|l)
[INFO] [stdout]    |                                                               ^^^^^^^^^ method not found in `CharsExcept<gobble::Any, &str>`
[INFO] [stdout] 
[INFO] [stdout] 
[INFO] [stdout] error: aborting due to 11 previous errors; 3 warnings emitted
[INFO] [stdout] 
[INFO] [stdout] 
[INFO] [stdout] Some errors have detailed explanations: E0425, E0599.
[INFO] [stdout] 
[INFO] [stdout] For more information about an error, try `rustc --explain E0425`.
[INFO] [stdout] 
[INFO] [stderr] error: could not compile `tither`.
[INFO] [stdout] error[E0599]: no method named `skip_plus` found for reference `&'static str` in the current scope
[INFO] [stdout]   --> src/action.rs:88:28
[INFO] [stdout]    |
[INFO] [stdout] 88 |     skip_2_star("\t ,\n\r".skip_plus(),last("#!".one(),Any.except(",\n").skip_star())).ig_then(line_col).map(|(l,_)|l)
[INFO] [stdout]    |                            ^^^^^^^^^ method not found in `&'static str`
[INFO] [stdout] 
[INFO] [stdout] 
[INFO] [stderr] 
[INFO] [stderr] To learn more, run the command again with --verbose.
[INFO] [stderr] warning: build failed, waiting for other jobs to finish...
[INFO] [stdout] error[E0599]: no method named `skip_star` found for struct `CharsExcept<gobble::Any, &str>` in the current scope
[INFO] [stdout]   --> src/action.rs:88:74
[INFO] [stdout]    |
[INFO] [stdout] 88 |     skip_2_star("\t ,\n\r".skip_plus(),last("#!".one(),Any.except(",\n").skip_star())).ig_then(line_col).map(|(l,_)|l)
[INFO] [stdout]    |                                                                          ^^^^^^^^^ method not found in `CharsExcept<gobble::Any, &str>`
[INFO] [stdout] 
[INFO] [stdout] 
[INFO] [stdout] error[E0599]: no method named `skip_plus` found for reference `&'static str` in the current scope
[INFO] [stdout]   --> src/action.rs:93:24
[INFO] [stdout]    |
[INFO] [stdout] 93 |     skip_2_star("\t ,".skip_plus(),last('#',Any.except(",\n").skip_star())).ig_then(line_col).map(|(l,_)|l)
[INFO] [stdout]    |                        ^^^^^^^^^ method not found in `&'static str`
[INFO] [stdout] 
[INFO] [stdout] 
[INFO] [stdout] error[E0599]: no method named `skip_star` found for struct `CharsExcept<gobble::Any, &str>` in the current scope
[INFO] [stdout]   --> src/action.rs:93:63
[INFO] [stdout]    |
[INFO] [stdout] 93 |     skip_2_star("\t ,".skip_plus(),last('#',Any.except(",\n").skip_star())).ig_then(line_col).map(|(l,_)|l)
[INFO] [stdout]    |                                                               ^^^^^^^^^ method not found in `CharsExcept<gobble::Any, &str>`
[INFO] [stdout] 
[INFO] [stdout] 
[INFO] [stdout] error: aborting due to 11 previous errors; 5 warnings emitted
[INFO] [stdout] 
[INFO] [stdout] 
[INFO] [stdout] Some errors have detailed explanations: E0425, E0599.
[INFO] [stdout] 
[INFO] [stdout] For more information about an error, try `rustc --explain E0425`.
[INFO] [stdout] 
[INFO] [stderr] error: build failed
[INFO] running `Command { std: "docker" "inspect" "e221005f3093b4439bf137e6868bf96909df6a0493e188683983c58a43879be7", kill_on_drop: false }`
[INFO] running `Command { std: "docker" "rm" "-f" "e221005f3093b4439bf137e6868bf96909df6a0493e188683983c58a43879be7", kill_on_drop: false }`
[INFO] [stdout] e221005f3093b4439bf137e6868bf96909df6a0493e188683983c58a43879be7
